53?
17
Suppose -5*d - 50 = -2*h, 2*h + 117 = 5*h + 3*d. What is the highest common divisor of 245 and h?
35
Let b(a) = -2*a**2 - 2*a + 2. Let o be b(-2). Let j be 6 + (-2 - (o - -3)). Let z be (-4)/6*(-3)/2. Calculate the highest common divisor of j and z.
1
Suppose -2*g - 2*k = -630, 4*g + k + 0*k = 1251. Calculate the highest common divisor of g and 39.
39
Let b(j) = j**2 - 2*j. Let d be b(3). Suppose 122 = d*n - 2*n. Suppose -p = -n - 18. Calculate the highest common divisor of 20 and p.
20
Suppose 5*j = 4*m + 13, -4*j + 3*m = m - 8. Let x = 2 - -2. What is the greatest common factor of j and x?
1
Suppose -4*f - 62 = -6*f - 5*s, 0 = f + 4*s - 37. Let g = -15 + f. Calculate the highest common divisor of 48 and g.
6
Let z(y) = -2*y. Let v be z(-1). Let u be (v - (-12)/9)*12. Calculate the greatest common divisor of 10 and u.
10
Suppose 4*g - 169 - 111 = 0. Suppose 2 = -3*k + 5*k. Let o = k - -13. Calculate the highest common divisor of o and g.
14
Suppose 0*s + 24 = -4*c - 3*s, -c = 4*s - 7. Let n = 37 + c. Let f(m) = -6*m. Let x be f(-7). Calculate the greatest common divisor of n and x.
14
Let n(a) = a**2 - a + 3. Let v be n(0). Suppose 1 + 5 = -v*r. Let p(z) = 8*z**2 + 2*z + 2. Let i be p(r). What is the highest common factor of i and 3?
3
Suppose 3*z = -z + 1000. Suppose -z = -6*q + q. What is the highest common divisor of q and 20?
10
Suppose 2*h + 3*r = 3*h - 68, 0 = 2*h - 2*r - 148. Let q = h - 43. Let z = -24 + q. What is the highest common divisor of z and 50?
10
Let l(r) = -r**2 + 6*r - 6. Let a be l(4). Let g be 1/a - (-987)/6. Suppose -j - 34 = -2*s, -s - j + 13 - 2 = 0. Calculate the highest common factor of g and s.
15
Suppose v - 7 = 1. Let s be 627/12 + (-2)/v. Calculate the highest common factor of s and 130.
26
Suppose 4*o + 3*a = 60, 0 = -4*a - 0*a. What is the greatest common factor of o and 5?
5
Suppose -7*d + 8 = -11*d. Let r be (d/4)/(2/(-52)). Calculate the greatest common factor of 13 and r.
13
Suppose 33*s - 12 = 31*s. What is the highest common divisor of 12 and s?
6
Let s(m) be the second derivative of -m**4/12 + 5*m**3/6 + 5*m**2/2 - m. Let k be s(4). What is the highest common factor of 45 and k?
9
Let t(a) = 2*a**2. Let p be t(-1). Let w be -11*(p - 3) + -1. Calculate the greatest common factor of w and 50.
10
Let r be 24 + (1 - (6 - 0)). What is the highest common factor of 19 and r?
19
Let r be 6/(-21) - 2/(-7). Suppose r*x + 12 = 3*x. Suppose x*a + 64 = 3*u, 3*a - 6*a - 66 = -3*u. Calculate the greatest common factor of 16 and u.
8
Suppose n = -n + 6. Suppose -l = -66 - n. Calculate the greatest common factor of 23 and l.
23
Suppose -7*k - 2*r + 86 = -3*k, -2*k - 5*r = -39. Suppose -6*a = -a - 10. What is the greatest common divisor of a and k?
2
Let f = -34 - -44. What is the greatest common factor of 30 and f?
10
Suppose 0*o + 4*o - 136 = 0. Calculate the greatest common factor of 85 and o.
17
Let u be 2*1*(1 - 2). Let p be 8/(-6)*(8 + u). Let j be (-2)/(-4) - 44/p. What is the highest common factor of 42 and j?
6
Suppose v = 4, -2*t = -v + 3*v - 328. Let n be (-14)/(-8) - 2/(-8). Suppose 37 = n*c - 3. Calculate the greatest common divisor of t and c.
20
Suppose 11*z - 10 = 16*z. Let h(s) be the first derivative of -7*s**2/2 - s - 1. Let o be h(z). What is the highest common divisor of 52 and o?
13
Let i = -21 - -81. Calculate the greatest common factor of i and 90.
30
Let n = -2 + 30. Suppose -6 = -2*m, 2*s = -s - m + 591. Calculate the highest common factor of n and s.
28
Let q = 7 + 25. Let n = -17 - -11. Let i be (-4)/(-12) + (-46)/n. What is the highest common factor of q and i?
8
Suppose -s = -3*s + 280. Suppose 6*a + x = 4*a + s, -2*a - 3*x = -140. Calculate the highest common divisor of 28 and a.
14
Suppose s + v - 2 = 0, 0 = -s - 2*v + 1 + 3. Suppose -5*x = 3*h - 147, -3*h + 5*h + 2 = s. Calculate the highest common factor of 15 and x.
15
Let y(r) = 2*r**2 - 2*r. Let t be y(4). What is the highest common divisor of t and 16?
8
Suppose 84 = 4*y - d, 2*y - d + 16 = 3*y. Calculate the highest common divisor of y and 220.
20
Suppose 4*r - 2 - 1 = -3*i, 5*r - 5 = -5*i. What is the highest common factor of 11 and i?
1
Let y be (-186)/(-6) + (-1)/(5/20). Let g be 3/1*(-1 + 2). Calculate the highest common factor of y and g.
3
Let j(b) = b + 4. Let f be j(-2). Let t be 4/5*25/f. Calculate the greatest common divisor of 40 and t.
10
Let i = -26 - -38. Let j(c) = 13*c - 2. Let b be j(2). Calculate the highest common factor of i and b.
12
Suppose q - 1 - 2 = 0. Let g(w) = -3*w**3 + 2*w**3 + w + w**2 + 1 + 2*w**3. Let l be g(2). Calculate the greatest common divisor of q and l.
3
Let i(u) = u**2 - u - 3. Suppose -g - 5*n = 17, -2 = -4*g + 5*n + 30. Let r be i(g). Suppose 15 = r*t - 15. What is the highest common factor of t and 110?
10
Let d(h) = h**2 + h - 10. Let b be d(5). Calculate the highest common divisor of b and 30.
10
Let d = 10 - -5. Let m be 164 - (-2 + 1)*1. What is the greatest common divisor of m and d?
15
Let j be (-12)/(-6)*(1 + 1). Suppose 2 = -4*v + 2*b + 16, v - 3*b + j = 0. Calculate the highest common factor of 55 and v.
5
Suppose -5*h - 4*v + 185 = 0, -v = -5 - 0. Let m = h - -57. Suppose 2*i + 2*w + 3*w = 20, 40 = 4*i - w. Calculate the highest common divisor of i and m.
10
Suppose x - 25 - 20 = 0. Let q(t) = 3*t**2 + t - 2. Let j be q(1). Let p(s) = s**2 + 2*s + 1. Let m be p(j). Calculate the greatest common factor of x and m.
9
Suppose 2*q + 18 = 3*q. Suppose 3*g + 11 = -4*l + 3, 22 = 3*g - 2*l. Suppose 21 - 165 = -g*n. What is the highest common factor of n and q?
18
Let t = 53 - 19. Calculate the highest common divisor of t and 374.
34
Let d = 8 + -14. Let c = 7 - 4. Let f be c/(d/(-80)) + -2. Calculate the highest common factor of f and 57.
19
Let y(m) = -m - 7. Suppose 2*s - s = -12. Let r be y(s). Suppose 8 - r = w. Calculate the highest common divisor of w and 15.
3
Let g = 5 + 5. Let i = -4 + 15. Suppose -2*h - z = -161, -2*h + 4*z + 145 + i = 0. Calculate the greatest common factor of g and h.
10
Let g(o) = -o**3 + 4*o**2 + 5*o + 2 - 6 + 11. Let n be g(5). What is the highest common divisor of 56 and n?
7
Let c be 1*3 - (8 + -7). Let y be (c + -1)/(2/16). Let a = 132 - 60. What is the highest common factor of y and a?
8
Let v be 42/3 - 1 - 0. Suppose -i + 15 = -v. Let d be 72 + (-2)/(-2) + 9 + -12. Calculate the highest common factor of i and d.
14
Let c be (-226)/(-8) - (-1)/(-4). Let u = c + -17. Let t = 10 - -1. Calculate the highest common factor of t and u.
11
Let n(c) = 3*c - 2. Let b be n(-5). Suppose -2*w = -9*w - 49. Let v = w - b. What is the greatest common factor of 20 and v?
10
Let i(p) = 7*p - 3. Let w(r) = 3*r**2 - r - 5*r - 5 - 2*r**2. Let s be w(7). Let m be i(s). What is the greatest common factor of 55 and m?
11
Let o(u) = u**3 + 12*u**2 - 13*u + 16. Let r be o(-13). Let z be (r/1)/(6/9). Calculate the highest common factor of 6 and z.
6
Let j = -96 + 100. Suppose 24 = c + 2*a, 0 + 28 = c + 4*a. Calculate the greatest common divisor of j and c.
4
Let k(u) = -7*u - 7. Let a be k(-7). Suppose 2*j - 250 = -3*t, t = 3*j + 45 + a. Calculate the greatest common factor of 56 and t.
28
Suppose -3*b - 12 = -75. Let a be -2*((-6)/4 - 0). Calculate the highest common divisor of b and a.
3
Suppose 4*u - 53 = 3*b + 104, 0 = -5*u + b + 210. Let v be u - (2 + -4 - -3). What is the greatest common factor of 28 and v?
14
Let h = 1 - -3. Suppose h*g + 3 = 15. Let y = -11 - -17. What is the greatest common factor of y and g?
3
Let g = 172 + 35. Suppose 5*b - 73 = g. Suppose 16 = 5*t - 3*t. What is the greatest common divisor of b and t?
8
Suppose -5*i + 4 = -i. Let z = 21 - 20. Calculate the highest common factor of z and i.
1
Let s = 1 + -3. Let c be 0*(6/s - -2). Let i be 24 - c/(5 + -3). Calculate the highest common factor of i and 8.
8
Let q be ((-15)/(-6))/(2/4). Suppose 0 = -2*c - q*b + 112, 0 = 3*c - c - 2*b - 112. Suppose -a + 76 + c = 0. Calculate the greatest common divisor of 12 and a.
12
Let s = 493 - 328. Let o = s - 90. Let p = -57 + 87. Calculate the greatest common factor of o and p.
15
Let o(l) = -71*l - 4. Suppose 0 = -4*u + 8, -2*w = 2*u - 12 + 4. Suppose -w*p = 3*p + 15. Let h be o(p). Calculate the highest common divisor of 19 and h.
19
Let u = -18 -